 t(f) = 5*f**3 - 9*f**2 - f + 3. Let c(r) = i*h(r) - 5*t(r). Is c(-8) a prime number?
True
Let k(d) = 58*d**2 + 30*d + 75. Is k(14) prime?
True
Suppose -447106 = 12*z - 34*z. Is z composite?
False
Let p = -815205 - -1446824. Is p prime?
True
Suppose 0 = 14*f - 0*f - 21322. Suppose 5*s - 10263 + f = 0. Suppose -2*j - 886 = -3*t + 1751, s = 2*t + 2*j. Is t a composite number?
False
Suppose 1030 = -8*g + 3254. Let h = 745 - g. Is h a prime number?
True
Let v(f) = -95199*f. Let l(t) = 5600*t. Let g(a) = 52*l(a) + 3*v(a). Is g(1) prime?
False
Suppose 4*h - 11 = 2*g - 83, -2*h - 48 = 2*g. Let w be ((-60)/(-50))/((-2)/h). Suppose -13*x = -w*x - 251. Is x prime?
True
Let g(c) = -12947*c**3 + 22*c**2 + 73*c - 5. Is g(-3) a prime number?
False
Let g(b) = 339*b - 1. Let p be g(-1). Let z = 237 + p. Let w = 508 - z. Is w prime?
False
Let a(s) = -s**2 - 2*s + 191. Let j be a(13). Let o be (-4)/(-10)*(-9 + -1). Is 607 + o/j + 3 composite?
True
Let w = 57497 + -23116. Is w prime?
True
Let o(x) = 3*x**2 - 54*x + 4. Let y be o(18). Suppose 0 = 4*n - z - y*z - 43349, -2*n - 5*z + 21637 = 0. Is n composite?
False
Let k(v) = -5*v**2 + 9*v + 9. Suppose 19*r + 18 = 20*r. Let n be k(r). Let m = n + 3598. Is m a composite number?
True
Let h(x) = -19 - 201*x - 8 - 16 - 42. Is h(-22) a prime number?
True
Let f(n) = 204 + 279 - 160 - 296*n + 2064*n - 117*n. Is f(14) prime?
False
Suppose -60*p = -120*p + 2857560. Is p a prime number?
False
Let n(p) = 2*p**2 - 47*p + 17. Let d be n(20). Let f = d - -680. Is f composite?
False
Let y(o) = -o**3 - 18*o**2 - 6*o - 86. Let u be (8/(-1) - 6) + -8. Is y(u) a composite number?
True
Suppose -8*c + 38 = 6. Suppose 0 = 4*w + c*n - 1420, 5*n - 10 = w - 395. Let o = -226 + w. Is o prime?
False
Let b(d) = 6713*d**2 + 845*d - 49. Is b(9) prime?
False
Suppose 5*t + 0 = -15. Let r be 157/(0 - t/27*-3). Is (-6)/9*r/2 a prime number?
True
Is (-895)/(-1253) - 283208/(-7) prime?
True
Let z(v) = 3391*v**2 - 8*v - 32. Is z(5) a composite number?
True
Let a = -10 - -15. Suppose 1485 = a*k + 3*b, 4*k = 5*k + b - 295. Suppose -k - 226 = -d. Is d a prime number?
False
Suppose 4*o + 34 = w, 2*w - 8 = -11*o + 7*o. Suppose w*q - 7*q = 66423. Is q composite?
True
Is ((-500811*12/(-18))/(-4))/((-1)/2) a composite number?
True
Let c(s) = 75 - 68*s - 55 + 17*s + 4*s**2 + 4*s**2. Is c(21) a prime number?
True
Let y = 205997 + -89824. Is y a composite number?
True
Let x be 2 - (6 + -112 + -3). Is (74/x)/((-210180)/105093 + 2) a prime number?
True
Suppose 658231 = 14*q - 482923. Is q a composite number?
True
Suppose 0 = -2*f + 3*v + 291877, 4*v = -4*f + 548641 + 35143. Is f a prime number?
False
Suppose -12*g - 17*g = -6*g - 5128241. Is g prime?
True
Suppose p + 1 = -4*m + 2, -5*p - 13 = 2*m. Let f(y) = 3*y - 5*y + 337*y**2 + 452*y**2 + 0*y. Is f(m) composite?
False
Let p(a) = -9*a + 20*a**2 + 1 + 2921*a**3 - 10*a**2 - 7*a**2 + 3*a. Is p(2) prime?
True
Suppose 3*s + 8 = 32, -2*n = -2*s - 457278. Is n composite?
False
Let w(v) = -v + 2*v**2 - 6*v**2 + 7*v**2 + 2. Let x be w(2). Is 1 + 734/1 - x/(-6) a prime number?
False
Suppose 5*s = 2*k + 292, 0*k = -5*s + 4*k + 284. Suppose 4*b = -2 - 18. Let f = s + b. Is f composite?
True
Suppose 0 = 2*y - 3*w - 417448, -3*y - 15*w + 626191 = -10*w. Is y composite?
True
Let a(g) = 11*g**2 - 4*g + 3. Let f(i) = -i**2 - i + 2. Let x(k) = a(k) + 2*f(k). Let c = -16 - -11. Is x(c) prime?
False
Suppose 5*c - 2*u = 301241, 9 = 2*u - 5. Is c a prime number?
True
Let m(n) be the first derivative of 92*n**2 + 9*n - 7. Let l be m(3). Let g = 835 - l. Is g a composite number?
True
Suppose -4*l + 161943 - 68875 = -186896. Is l a prime number?
True
Suppose -c + 3 = 0, -39 = -0*o + 3*o - 3*c. Is (-23828)/(-20) - (-2 - 24/o) prime?
False
Let a(v) = 169*v + 4. Let s be (((-3)/4)/(-1))/(8/352). Is a(s) a prime number?
True
Let i = -75 + 258. Let f = -122 + i. Suppose -483 = -q - f. Is q a composite number?
True
Is -14*(-85010)/(-15)*(-3)/4 a prime number?
False
Let h = -115356 - -432367. Is h prime?
True
Let a(d) = 9*d**3 + 16*d**2 + 122*d - 61. Is a(18) a prime number?
False
Let g be 45/405 - 52/(-18). Suppose g*y + 4*x - 491 = 2830, 0 = 2*y + 3*x - 2213. Is y a prime number?
False
Suppose 36 = 150*x - 146*x. Suppose 11260 = x*l - 4931. Is l a composite number?
True
Let k = -61843 + 92052. Is k composite?
True
Suppose 5*v = -g - 15, -2*v - 6 = -2*g - 3*g. Let j = -18 + 21. Is (2*v + j)*1174/(-6) composite?
False
Let s(z) = -11854*z + 741. Is s(-4) composite?
False
Suppose -9 = 3*s, -6*j + 1340490 = 117*s - 113*s. Is j a prime number?
False
Is (-9)/6*1508542/(-21) a composite number?
True
Let n(b) = 3*b - 11. Let f be n(5). Suppose 315 + 713 = -f*m. Let r = m - -448. Is r prime?
True
Let s(k) = k**3 - 8*k**2 - 119*k - 57. Is s(25) prime?
False
Let z = -987 - -987. Suppose -4*m + 2*k + 109658 = z, m - 41*k = -44*k + 27404. Is m composite?
True
Let p(n) = n**3 + 12*n**2 - n - 9. Let v be p(-12). Let k(h) = -7 + 5*h + 0*h - 2*h + 435*h**2 - 28*h**2. Is k(v) a prime number?
False
Let c = 93 - 85. Suppose c*l - l = 41867. Is l composite?
False
Let p(c) = 0*c - 108 - 8*c + 2*c**2 - 8*c - 3*c. Is p(-7) composite?
True
Let w = -253 - -253. Suppose 7*f - 34994 - 79057 = w. Is f a composite number?
True
Suppose 3*m + 3*d - 312 = 0, -2*d + 130 = 4*m - 278. Is 1550 - m/40*12/(-10) a prime number?
True
Let x = 109 - 104. Suppose -3*h = -2*h + w - 6, -x*h = 2*w - 27. Suppose -2*i + h*i = 2*c + 641, i + c = 217. Is i composite?
True
Is (558/(-310))/(3/(-168325)) + -2 composite?
True
Let y be (40/12)/(-2) - 2/6. Let a = y + 4. Suppose 2*t - 7491 = -5*i, 5*t - 1195 = a*i - 4203. Is i a composite number?
False
Let d(g) = -g**2 - 11*g + 18. Let q be d(-9). Let w = 38 - q. Suppose w*y - 5*u + 2*u = 801, -3*u - 1587 = -4*y. Is y prime?
False
Let h = -3497 + 1008. Let t = h - -6052. Is t composite?
True
Suppose -3*t = -w + 78274, -4*t + 88826 = w + 10545. Is w prime?
True
Let x(d) = 10*d**2 + 12*d + 13. Let f(m) = -m**2 - m - 6. Let j be 2*(-2 + 4 + -3). Let z be f(j). Is x(z) a prime number?
True
Let h be 40692/52 - 6/(-13). Let b = h - 229. Is b prime?
False
Let z = 1136 + -684. Suppose 2*x - 751 - z = -p, 5*x = -p + 1188. Is p a composite number?
False
Is (1 - (-128366 + (4 - 5))) + -7 a prime number?
False
Let j(m) = -588*m - 83. Let a be 10*(-10)/25*2. Is j(a) a composite number?
False
Let k be (-100)/125*(-9235)/(-2). Let w = k + 8657. Is w composite?
True
Let k(n) = 263*n**2 + 239*n - 1907. Is k(8) a prime number?
False
Let h(k) = 67 - 24 + 13 - k. Is h(5) prime?
False
Let f = -734 + 1451. Suppose -i = -2*i + 2252. Suppose -f = 5*q - i. Is q a composite number?
False
Let n(q) = q**2 + 13*q - 18. Let o be n(-14). Is ((-14)/4 - o)/(4/6712) composite?
False
Suppose 2*p - 5*d - 31 = 0, 0*p + 4 = -p - 4*d. Suppose 5*l - p = 9*l. Is 33093/6 - l/(-4) composite?
True
Suppose 0 = -7*f + 4*f + 12. Let u be f/(-6) + 0 - 28/(-6). Is 1172 - (-9)/(u + -7) a prime number?
False
Let l = -59 - -48. Let d be (5 - 144/66) + (-2)/l. Is (-28)/(-7) + d*259 composite?
True
Suppose 5*g - 2*l = -7*l - 102075, -4*l = -4. Let j = g - -28679. Is j prime?
True
Let l(s) = -s**3 + 7*s**2 + 9*s - 8. Let m be l(8). Suppose 5*a = 3*k + 2*k + 66225, -3*a + 2*k + 39731 = m. Is a composite?
False
Let h(k) = 493*k + 1. Let q be h(8). Let o = q + -1336. Is o a composite number?
False
Let o(p) = -15857*p + 2669. Is o(-12) a prime number?
False
Is 11 + -15 + (-15035)/((5 + -6)/1) composite?
False
Is 3/(-3)*(-9)/((-162)/(-3287394)) a prime number?
False
Is (-751)/5*(-231 + 221)*538/4 prime?
False
Let a(q) = 9*q**2 - 5*q + 7. Let w(v) = -3*v + 9. Let k be w(4). Let d be (25/(-10))/(k/(-6)). Is a(d) composite?
False
Let r = 5534 + -9464. Let j = r + 2358. Let o = -775 - j. Is o a composite number?
False
Suppose 4*d - 3*y - 8245 = -8*y, -d - 2*y + 2062 = 0. Suppose -7*j + d = -3*j. Is j a prime number?
False
Let l(d) = 40*d - 91 - 20*d - 14*d + 100*d**2 - 13*d. Is l(-16) a composite number?
False
Let k be (8 - 8) + (-9 - -4). Is (-255)/102*2999*2/k prime?
True
Suppose -11*c + 64609 = -67314. Is c composite?
True
Let o = -801 + 1420. Suppose 2*j - o = -5*l, 5*l - 113 = 4*l + 5*j. Is l prime?
False
Suppose -23*i + 7993446 = -6*i + 1369379. Is i a prime number?
True
Let i(n) = n**3 - 13*n**2 + 